
Suppose -99 = -p - 5*u, -32*p + 419 = -28*p - 3*u. Suppose -32*m = -20*m - 1872. Calculate the highest common factor of m and p.
52
Suppose 4*m - 12 + 140 = 0. Let o be m/6 + 5 - (-157)/3. What is the greatest common factor of o and 572?
52
Suppose 3*a + 934 = 2*k + 959, -4*a + k = -40. What is the greatest common divisor of 341 and a?
11
Suppose -2*l = -3*x + 2*l + 10, -11 = -5*x + l. Suppose 4*n - 6 - x = 0. Suppose 0 = -n*v - 2 + 56. Calculate the greatest common factor of 36 and v.
9
Suppose 5*x + x = 48. Let t = 11009 + -10665. Calculate the greatest common divisor of t and x.
8
Let p be (3/(-3))/((-17)/340). What is the greatest common factor of 3590 and p?
10
Suppose 4*x - z + 672 = 0, 0 = 3*x - 6*x + 5*z - 504. Let u = -18 - x. Let b = 88 - 58. Calculate the greatest common divisor of u and b.
30
Suppose 20*m = 208 - 48. Let a be (-312)/(-6) - (4 - m/1). Calculate the highest common factor of 56 and a.
56
Suppose -o - 98 = -439. Suppose t = 4*n - n - 62, n - 38 = -4*t. What is the greatest common divisor of o and n?
11
Suppose -242*b + 247*b = 4*f + 373, -2*f = 14. What is the greatest common factor of 24150 and b?
69
Suppose 3*c - 112 = 2. Suppose 5*g = 3925 - 2975. What is the greatest common divisor of c and g?
38
Let h = 130 - 85. Suppose -73*c - 35*c + 18*c + 12150 = 0. What is the greatest common factor of h and c?
45
Let k(y) = 226*y**2 - 225*y**2 + y**3 + 1 + 2. Let t be k(0). Suppose 29 + 115 = 6*a. What is the greatest common factor of t and a?
3
Suppose -96*r - 300 = -5*k - 91*r, -k + 54 = -4*r. Calculate the greatest common divisor of k and 10.
2
Let o = -2 + 24. Suppose 6*d = r + 2*d + 12, 0 = -5*r + 3*d - 26. Let u be 34 - r/(-4)*1. What is the greatest common factor of u and o?
11
Let y be ((-7)/21 - 0)/(2/(-10458)). What is the highest common factor of y and 63?
21
Let z(n) = -n**2 - 4*n + 4. Let a be z(-4). Let k(h) = 15*h - 103. Let d be k(8). Suppose d*i + i - 648 = 0. Calculate the greatest common factor of a and i.
4
Let h be (-1)/(-4) + 237/(-4). Let f(m) = m**3 + 13*m**2 + 36*m + 53. Let q be f(-8). Let s = q - h. Calculate the greatest common factor of 16 and s.
16
Suppose -56*c = -53*c - 192. Let d = c + 46. Let p(q) = q**2 - 5*q + 8. Let r be p(7). What is the highest common divisor of r and d?
22
Let o be ((-6)/(-8))/((-3)/(-684)). Let r be (21*3)/((-1659)/(-711)). What is the highest common factor of r and o?
9
Let v(p) = p + 40. Let t be v(17). What is the greatest common factor of 81 and t?
3
Let v be (-3)/(348/(-66) - -5). Let n = 143 - v. Calculate the greatest common divisor of n and 33.
33
Let d = -888 - -2205. Let y be 1 - ((-12)/(-15) + d/(-15)). Calculate the greatest common factor of 8 and y.
8
Let r(v) = -46*v - 7. Let s be r(-2). Let p = s + -69. Let o be (-4 - 38/(-10)) + p/5. What is the highest common factor of o and 5?
1
Suppose -517 + 1237 = 80*k. What is the highest common factor of k and 6?
3
Let p be (4/(-6))/(300/(-2524905)) - 4/(-40). Calculate the highest common divisor of 31 and p.
31
Suppose -d + 22*v - 20*v + 808 = 0, -1640 = -2*d - 4*v. Calculate the greatest common factor of 74 and d.
74
Suppose -14*x + 0*x + 3323 = -1577. Calculate the highest common divisor of 4650 and x.
50
Suppose -609 + 78 = -5*b - 3*t, -3*b + 3*t = -309. Suppose 102*i + 1386 = b*i. Calculate the greatest common factor of i and 42.
42
Let x be 5408/117 - (-2)/(-9). Let d be (35*-63)/(-3) - -9*7/63. What is the greatest common divisor of x and d?
46
Let y be (-291)/6*4/(-2). Let s be 77/33*66/77. Suppose -4*k - 52 = -2*j, 5*j + s*k - y - 9 = 0. Calculate the highest common divisor of 242 and j.
22
Suppose -3*s + 86 = -t, 0 = -3*s - 2*s - 5*t + 130. Suppose 8*n - 2576 = -4*k, -2*n - 25*k + 23*k + 644 = 0. Calculate the greatest common divisor of n and s.
14
Suppose -10 = m - 12. Suppose -m*f + 131 = 117. Let c be f/(35/174) + (-7)/(-35). Calculate the highest common factor of 245 and c.
35
Suppose 0 = -3*z - 2*a - 1531, 21*a - 26*a = 10. Let b = z - -513. Calculate the highest common factor of b and 2.
2
Let y(v) = -v**2 + 25*v - 43. Let n be y(18). Let p = n + -59. Suppose d - r - r = 14, -3*r - 23 = -2*d. Calculate the highest common factor of p and d.
4
Suppose -15*d + 55 = -10*d. Let t(u) = 23*u + 32. Let g be t(d). Suppose 0 = 3*a - g + 33. Calculate the highest common divisor of 12 and a.
12
Let d = 3130 + -3107. Calculate the greatest common divisor of 2576 and d.
23
Suppose 8*i + 4 = 9*i. Let m(n) = -i + 4 + 18 + 4*n. Let d be m(3). Calculate the highest common divisor of 10 and d.
10
Let c(n) = 21*n**2 - 480*n - 43. Let a be c(23). Let f = -26 - -2. Let j be 2/(2 + f/13). Calculate the highest common factor of a and j.
13
Suppose 3*v - 3*b = 240, 3*b - 240 = -3*v - b. Suppose -18*w = -15*w - 600. Calculate the highest common divisor of w and v.
40
Let y = 80 - 75. Let d be y*((-6)/1)/(15/(-26)). Let l = 57 - 53. What is the highest common factor of d and l?
4
Suppose 445*q - 437*q = -1024. Let n be (114/8)/((-48)/q). Suppose 26 = -z + 121. Calculate the greatest common factor of z and n.
19
Suppose 3*y = 2*y - v + 57, 0 = 2*v - 16. What is the greatest common divisor of 6370 and y?
49
Suppose -30 = 4*n + 614. Let i = 21 - n. Calculate the highest common divisor of i and 26.
26
Let u = -2412 + 2600. What is the highest common factor of 4 and u?
4
Suppose -170*a - 79*a + 32868 = 0. Calculate the highest common factor of a and 24244.
44
Let k be (7 - 1)*1/7*(-6 - -300). Let b(h) = 56*h. Let n be b(3). Calculate the highest common factor of n and k.
84
Suppose 4*r - 72 = -2*g, 6*r - 3*g = 4*r + 52. Suppose 8 = 4*a, -3*q - q + 4*a = 132. Let t = 61 + q. What is the highest common divisor of t and r?
10
Let d be ((-222)/(-185))/((-9)/(-870)). Suppose -2060 + d = -24*x. Calculate the greatest common divisor of x and 27.
27
Suppose 2*s + s = 9. Suppose s*q - 1 = -b, b - 5 = 2*b - 3*q. Let n be (1/(-3) - (-356)/6) + b. What is the greatest common factor of 38 and n?
19
Let v = -6704 + 6921. Calculate the highest common factor of v and 1023.
31
Let z(m) = -4*m + 32 - 6*m - 9 + 8*m - m**2. Let g be z(-4). Calculate the greatest common factor of g and 35.
5
Suppose -o - o - 952 = 0. Let u be (-4)/(-8)*-7*-206. Let s = o + u. What is the greatest common factor of s and 35?
35
Let p = -7321 + 7727. What is the highest common factor of p and 609?
203
Let t = -581 - -583. Suppose 640 = t*y + 8*y. What is the greatest common factor of 832 and y?
64
Suppose -9*y + 17615 = 2369. What is the greatest common divisor of 14 and y?
14
Let y be (3 + (-78)/(-14))*(-3)/((-9)/21). Suppose i + i = 96. What is the greatest common factor of i and y?
12
Let j = -20656 + 29792. What is the highest common factor of 16 and j?
16
Suppose 0 = i + 5*f + 24, -5*f + 40 = -44*i + 49*i. Calculate the highest common factor of 354 and i.
2
Let z(s) = -2*s**3 + 4*s**2 - 3. Let p be z(4). Let o = -45 - p. What is the greatest common factor of 55 and o?
11
Suppose -4*i - 5*y + 30 = 0, 2*i - y - 10 = -2. What is the greatest common factor of 255 and i?
5
Let l(o) = -5*o - 1. Let n be l(-1). Suppose 0 = h + 2*j + 1 + 8, j = n*h - 9. Let b = 12 + h. Calculate the highest common divisor of b and 26.
13
Let d(g) = 6*g + 59. Let r be d(-3). Suppose -4*f - w = -r, 2*w + 50 = 12*f - 8*f. Calculate the highest common factor of 77 and f.
11
Suppose 9*s = 2*s - 2*s. Let c be (-1)/(4 + s)*0. Suppose 2*i + c*d - d - 29 = 0, -3*i + 3*d + 45 = 0. Calculate the greatest common factor of i and 2.
2
Let h = -2479 + 5874. Calculate the highest common factor of h and 582.
97
Let m(h) = 67*h**2 - 50*h - 195. Let l be m(-3). What is the greatest common divisor of l and 1206?
18
Let b(f) = -6*f + 2. Let v be b(-5). Let p(i) = -2*i**3 - 4*i**2 + 6. Let j be p(-3). Suppose j*m - 240 = 19*m. What is the highest common divisor of m and v?
16
Let y be (-992750)/(-1083)*9/2. What is the highest common divisor of 330 and y?
165
Let m(t) = 5*t**2 - 55*t - 540. Let o be m(-48). Calculate the highest common factor of o and 5.
5
Let h be (-7)/2*8/(-28)*837. Let x be ((-60)/16)/5 + h/12. Suppose 2*t - 98 = 2*y, 0 = 4*t + 4*y + y - 169. Calculate the highest common divisor of t and x.
23
Let r = -8945 + 9342. Calculate the highest common factor of r and 1.
1
Let n be (((-33)/(-